 2265834251 a composite number?
False
Is 34205063 prime?
False
Is 185502179 composite?
False
Is 57998471 composite?
True
Is 23727007 composite?
True
Is 6494456873 a composite number?
False
Is 2187666281 a prime number?
False
Is 886286779 prime?
False
Is 889010021 composite?
False
Is 10021677671 a composite number?
False
Is 2503142681 composite?
True
Is 2668800289 a prime number?
False
Is 4559315363 a composite number?
False
Is 11041981397 prime?
True
Is 3337150331 composite?
False
Is 7523496759 prime?
False
Is 44651657 a prime number?
True
Is 1534752521 a composite number?
True
Is 39248282501 a composite number?
True
Is 198517883 a prime number?
True
Is 2206786771 a prime number?
False
Is 2178773749 a composite number?
True
Is 136983137 a composite number?
False
Is 16863682169 prime?
False
Is 41323271421 a composite number?
True
Is 643058671 a prime number?
True
Is 49483789 composite?
False
Is 34217645857 prime?
True
Is 23194757203 prime?
True
Is 22391103997 prime?
True
Is 1421818991 composite?
True
Is 158533939 composite?
True
Is 335762417 prime?
True
Is 105624133997 prime?
False
Is 1786895359 a prime number?
True
Is 4198968491 a prime number?
True
Is 9470736133 a prime number?
True
Is 1267174037 composite?
False
Is 10201622023 a composite number?
True
Is 125459500559 a composite number?
False
Is 1362402407 prime?
False
Is 35021049097 composite?
True
Is 13616225863 a composite number?
True
Is 43866953369 a composite number?
True
Is 11371919213 prime?
True
Is 8998883429 composite?
True
Is 88048433867 a composite number?
True
Is 1738709981 composite?
False
Is 411989377 a prime number?
False
Is 4419607 composite?
True
Is 1251839927 composite?
True
Is 29027724631 a prime number?
False
Is 66481529 a prime number?
False
Is 145149956093 prime?
True
Is 126543013 composite?
False
Is 69178449601 prime?
True
Is 126471559 a composite number?
False
Is 223348597 prime?
True
Is 2335414451 a prime number?
False
Is 79779829 a composite number?
False
Is 2168953981 a composite number?
True
Is 50944319 prime?
False
Is 3665709511 prime?
True
Is 11136151487 a prime number?
True
Is 238790038811 composite?
False
Is 1057759471 a composite number?
False
Is 6657746831 a prime number?
False
Is 69584190185 a composite number?
True
Is 5688362551 a prime number?
False
Is 24570231221 composite?
True
Is 63558668309 composite?
False
Is 2581759835 a composite number?
True
Is 3321860107 a composite number?
True
Is 16661979127 a composite number?
False
Is 61697274721 a prime number?
True
Is 15545829913 a composite number?
False
Is 196150817 composite?
True
Is 191150907847 a prime number?
True
Is 73720546637 prime?
False
Is 4294769771 a prime number?
True
Is 433977 composite?
True
Is 1523354698 a composite number?
True
Is 593328157 a prime number?
False
Is 403404679 a composite number?
True
Is 75551911313 composite?
True
Is 232465567 a prime number?
False
Is 4205938663 prime?
True
Is 536863849 a prime number?
False
Is 2752566053 composite?
False
Is 20764106761 prime?
True
Is 10270455373 a prime number?
True
Is 1613483897 prime?
False
Is 436227433 a composite number?
False
Is 69445559689 composite?
True
Is 22812793177 a prime number?
True
Is 20083900939 a prime number?
True
Is 579311517 a prime number?
False
Is 67490309 prime?
True
Is 191618293379 a prime number?
True
Is 15039133633 prime?
False
Is 56818966177 composite?
True
Is 34050400297 a composite number?
False
Is 2365063867 composite?
True
Is 39656609389 composite?
True
Is 51140579117 a prime number?
True
Is 43677574439 prime?
True
Is 24650753 a prime number?
False
Is 623291027 prime?
False
Is 2651929321 a prime number?
False
Is 882699523 a prime number?
False
Is 648490331 composite?
False
Is 9926708833 composite?
True
Is 4263808859 a composite number?
False
Is 53157424471 a prime number?
True
Is 240479867899 composite?
False
Is 257682209297 prime?
True
Is 57263996741 a prime number?
False
Is 250330558 a prime number?
False
Is 144169733 a prime number?
False
Is 10003931141 composite?
False
Is 9883227479 a composite number?
False
Is 2718799313 prime?
False
Is 166851143 composite?
False
Is 652870921 a composite number?
True
Is 7138186849 prime?
False
Is 3014893637 composite?
True
Is 228189517 a prime number?
True
Is 750808583 composite?
True
Is 389868367 a composite number?
True
Is 3056665481 a prime number?
False
Is 272855503 a composite number?
False
Is 6173412459 a prime number?
False
Is 1247026741 composite?
False
Is 2115327701 prime?
False
Is 24505606901 a prime number?
False
Is 236208773 a composite number?
False
Is 465371297 prime?
True
Is 2965069231 a prime number?
False
Is 1248011311 a prime number?
False
Is 142256539 a composite number?
False
Is 2965210663 a prime number?
False
Is 337048997 a composite number?
True
Is 5908079467 a composite number?
False
Is 15095245823 a prime number?
False
Is 171354061 a composite number?
False
Is 5384943209 composite?
False
Is 18248039911 prime?
False
Is 1201850701 a composite number?
False
Is 24355302121 a composite number?
False
Is 1985581679 prime?
True
Is 982297429 prime?
True
Is 4411333529 a composite number?
False
Is 797981227 a composite number?
False
Is 4585029238 a prime number?
False
Is 8633380271 a composite number?
False
Is 941109877 a composite number?
False
Is 37756666993 composite?
False
Is 2564371417 composite?
False
Is 693948583 a prime number?
True
Is 3987582499 composite?
False
Is 1052909953 a prime number?
True
Is 35201986049 a prime number?
True
Is 482025731 prime?
False
Is 353260298 prime?
False
Is 2101542211 composite?
True
Is 132675243227 a prime number?
True
Is 8411340649 composite?
True
Is 28230492001 composite?
False
Is 56601235139 a composite number?
False
Is 171929323 composite?
True
Is 10198511129 composite?
False
Is 1171237607 a composite number?
False
Is 6717080791 prime?
True
Is 1354669915 a composite number?
True
Is 7347681403 prime?
True
Is 151470689 composite?
False
Is 6777613867 a prime number?
False
Is 1598656513 a prime number?
True
Is 7507105955 prime?
False
Is 393430217 prime?
True
Is 56567691637 a prime number?
True
Is 10835207 composite?
False
Is 22982933755 composite?
True
Is 123525015338 prime?
False
Is 349687063 prime?
False
Is 16348208761 a composite number?
False
Is 1897726301 prime?
True
Is 23284115137 composite?
True
Is 53034654731 a composite number?
False
Is 1359920029 prime?
False
Is 17275731919 prime?
False
Is 966483677 a prime number?
False
Is 19772037667 a prime number?
False
Is 82557677 composite?
False
Is 771502499 prime?
False
Is 44625525379 composite?
True
Is 89128147 a composite number?
False
Is 3195915157 a prime number?
True
Is 149671666813 a composite number?
False
Is 6514764439 composite?
True
Is 112466983961 a prime number?
True
Is 4880210999 a prime number?
False
Is 5792325391 composite?
True
Is 2270769551 prime?
False
Is 13061995381 a prime number?
True
Is 12462588781 composite?
False
Is 7985964463 prime?
True
Is 23220598711 a composite number?
True
Is 47139971 a prime number?
True
Is 241424167 composite?
True
Is 390944368783 composite?
True
Is 628553161 a composite number?
False
Is 1425133583 a prime number?
True
Is 5413624199 a prime number?
True
Is 47591311615 composite?
True
Is 38191919137 a prime number?
True
Is 118098011 prime?
True
Is 56233646489 prime?
True
Is 56911854521 a prime number?
True
Is 47649209 composite?
False
Is 27895670333 composite?
True
Is 32510521363 a composite number?
False
Is 1896769837 a composite number?
False
Is 22308560719 a prime number?
True
Is 697365881 prime?
True
Is 35612684689 a prime number?
True
Is 8693719519 composite?
False
Is 58066302167 composite?
True
Is 23556807479 prime?
False
Is 53353393609 a prime number?
True
Is 3502668199 a prime number?
False
Is 6302068891 a prime number?
True
Is 35173612865 a prime number?
False
Is 9234608441 prime?
True
Is 5826656531 a composite number?
True
Is 3657290041 a prime number?
True
Is 828326687 a prime number?
True
Is 537176963 prime?
False
Is 1801728917 prime?
True
Is 9775570787 prime?
True
Is 12983601833 a prime number?
False
Is 148800101 a prime number?
True
Is 569958091 composite?
False
Is 2637259363 prime?
True
Is 211049075945 a prime number?
False
Is 16308066601 a composite number?
False
Is 114132223 prime?
True
Is 262384238